hird derivative of 7/60*i**5 + 0 - 1/6*i**3 - 1/24*i**4 + 0*i - 149*i**2 + 1/120*i**6. Calculate m(-6).
41
Let v(a) = a**2 - 19*a + 32. Let c = 7511 - 7492. Calculate v(c).
32
Let q(i) be the third derivative of -i**6/60 - 3*i**5/10 - 5*i**4/6 - 3*i**3 + 110*i**2. Determine q(-8).
14
Let p = -556 + 559. Let k(u) = 4*u**3 + p + 3*u**3 - 7*u**2 - 20*u**3 + 2*u**3 - 3*u + 10*u**3. Calculate k(-7).
24
Let v be 54/(-10) - 34/(-85). Let b = v - -6. Let a(h) be the third derivative of -h**4/6 + h**3/6 + 5*h**2. Give a(b).
-3
Let a(u) be the first derivative of -5*u**2/2 + 1644. Determine a(-4).
20
Let b(k) = 3*k + 2. Let w(q) = -3*q - 2. Let f = -278 - -198. Let x be -4*55/f + (-1)/(-4). Let c(j) = x*w(j) + 2*b(j). Determine c(3).
-11
Let u(y) = -2*y**2 + y. Let t(l) = -8*l - 77. Let x(g) = 9*g + 79. Let a(n) = 4*t(n) + 3*x(n). Let s be a(-14). Determine u(s).
-3
Suppose -26*i - 8 = 24*i - 58. Let u(r) be the second derivative of -5*r**4/12 - r**3/3 + r**2 - 2*r. What is u(i)?
-5
Let q be (7 - 21)*2/(-7). Let n(p) = 3*p - 3 + 7 - q + 3*p**2. Calculate n(-2).
6
Suppose 0 = -5*b + 22 - 2. Suppose 3*l - 24 = b*h, -l - 3*l + 3*h + 25 = 0. Let s(c) be the first derivative of c**2 - c - 1794. Give s(l).
7
Let d(z) = -25*z - 131. Let c = -205 - -200. Let b be d(c). Let x(g) = g + 5. Determine x(b).
-1
Let b be 3 + (-19)/7 - (-4 - 176/(-77)). Let r(m) = -3*m + 3*m**2 + 5*m - 2*m**2. Calculate r(b).
8
Let f(o) = -6*o + 1. Suppose 7*p + 21 = 462. Suppose -5*q + 88 = p. Calculate f(q).
-29
Let f = 168 + -174. Let a(b) = -12*b - 4*b - b**2 - 9 + 3*b + 3*b. Calculate a(f).
15
Suppose 0 = -218*v - 550 + 1858. Let k(f) = 2*f**2 + 10. Let o(u) = 3*u**2 + u + 21. Let a(h) = 5*k(h) - 3*o(h). Determine a(v).
5
Let b be (-4 + 7)/(-3) - -3. Let f(z) = -5*z**b + z + 2*z**2 + 10*z**2. Suppose 3 = -28*h + 31. Calculate f(h).
8
Let m be -5 - 2/(-1*2). Suppose 5*p = -47*p + 52. Let z(g) = p - 4*g**2 - 4330*g + 4336*g + 5*g**2. Determine z(m).
-7
Let p(h) be the second derivative of -h**4/12 + 8*h**3/3 - 17*h**2/2 - 8*h. Suppose -31*m - 102 = -536. Give p(m).
11
Let h(y) = -y**3 + 10*y**2 - 7*y - 5. Let u be -2 - -41 - 7 - -1*2. Suppose -5*f = -34*m + 35*m + 16, -m + u = -5*f. Give h(m).
13
Suppose 2*b - 2 = 0, 6 = -4*k - 3*b - 3. Let h be 55/(-22)*4/6*k. Let y(r) = r**2 - 2*r. What is y(h)?
15
Let q(u) = 2*u. Let v be q(3). Let r(i) be the second derivative of -5/6*i**3 + 0 + 5*i - 3*i**2 + 1/12*i**4. Determine r(v).
0
Let l(c) = c**3 - 8*c**2 + 7*c - 6. Suppose -10*h + 14*h = 5*j - 41, 2*j + 2*h = 2. Calculate l(j).
-46
Let t(q) = -7*q + q**2 + 4 - 2*q**2 + 1 + 2*q**2. Let k = -229 + 396. Let a = k + -162. Calculate t(a).
-5
Let w be 24/(-30) - 462/(-15). Suppose 9*j + w = 14*j. Let u(o) = -o**3 - 5*o - 6 + 2 - 3*o**2 + 10*o**2. Calculate u(j).
2
Suppose -285 = 282*z - 301*z. Let h(n) = n**3 - 15*n**2 - n + 12. Give h(z).
-3
Let d(q) = 122*q + q**3 - 12 - 9 - 7*q**2 - 138*q + 1. What is d(9)?
-2
Let v(f) be the first derivative of -f**3/6 - 7*f**2/2 + 104*f + 82. Let l(x) be the first derivative of v(x). Determine l(-6).
-1
Let b(d) = d**3 - 2*d**2 + 2*d + 1. Suppose 4*n = -17*n + 63. Let f(r) = 2*r**3 + 5 + r**2 - 2*r**3 - r**3 + 5*r. Let i be f(n). Determine b(i).
5
Suppose 5*s - l + 41 = -6, 0 = -4*s + 3*l - 42. Let o = -6 - s. Let h(d) = -3*d**2 - 33. Let n(v) = -8*v**2 - 91. Let u(j) = 11*h(j) - 4*n(j). Calculate u(o).
-8
Let h = -19 - -24. Let b(q) be the first derivative of -q**3/3 + 2*q**2 - q - 393. Calculate b(h).
-6
Let p(f) = -f**2 + 31. Suppose -14*t + 51 = 5*k - 11*t, -32 = -3*k - 2*t. Calculate p(k).
-5
Suppose 3*l - 10 = -7. Let o(g) = -3*g - 7. Let x(w) = -w. Let z(f) = l*o(f) - 4*x(f). Let a = 27 + -17. Calculate z(a).
3
Let t(l) = -21*l - 9 + l**3 + 1979*l**2 + 12 - 1971*l**2 - 10. What is t(-10)?
3
Let p(k) be the third derivative of k**6/120 + 2*k**5/5 + 43*k**4/24 + 9*k**3/2 - 82*k**2 - 2*k - 12. What is p(-22)?
49
Let x(c) = -7*c + 4. Let f(j) be the first derivative of -10*j**2 + 11*j + 125. Let d(h) = -6*f(h) + 17*x(h). What is d(-2)?
0
Let j(b) = b + 25. Let m be j(-10). Suppose 0 = -2*f + 10*u - m*u - 14, 15 = f - 3*u. Let h(x) = -x + 2. Give h(f).
-1
Let q(l) be the third derivative of l**5/60 + 5*l**4/24 + l**3/3 + 18328*l**2. Let t be 13/(-2) + (-1)/(-2). Calculate q(t).
8
Let d be 47/(-12) + (8 - 10/35*14). Let y(g) be the second derivative of -2*g**2 - 1/6*g**3 + d*g**4 + 0 + 22*g. Calculate y(3).
2
Let o = 148 + -145. Let m(i) = -22*i**3 + 0 - o - 3*i + 51*i**3 - 30*i**3 - i**2. Give m(-2).
7
Let h = -439 - -435. Let x(t) = -t**3 - 4*t**2 + 2*t + 16. Calculate x(h).
8
Let q(w) = 6977782*w - 6977782*w - 14 + w**2. What is q(-7)?
35
Let y = 123 + -117. Let c be y/15*(-20)/8. Let i(l) = -9*l. Give i(c).
9
Suppose p = -5*d - 26, -6*d + 8*d + 4 = -2*p. Let k(q) = -q**3 + 6*q**2 - 9*q - 7. Calculate k(p).
-11
Let u = -138 + 143. Let o be 74/10 + -1 + 3/u. Suppose -16*d = -o*d - 27. Let z(p) = -p**2 + 3*p - 1. Give z(d).
-1
Let y = -9 - -6. Let k = y - -6. Let a(s) be the second derivative of -s**5/20 + s**4/4 + s**3/2 - 3*s**2/2 + 995*s + 1. What is a(k)?
6
Let x(v) = -3 + 0*v**2 - 6*v + v**2 - 2. Let a(m) = -m**2 - 348*m - 6550. Let r be a(-20). Determine x(r).
35
Let w be -2 + 3 + -4 - -5. Suppose 4*f - 44 = -36. Let t(s) = -2*s**2 - 1 - 8*s**f + 7*s**2 + 3*s - 3*s**2. Calculate t(w).
-19
Suppose -36*g - 1632 = 16*g - 36*g. Suppose 0 = -2*k - 7 + 215. Let t = g + k. Let o(y) = y**2 - 2. Calculate o(t).
2
Suppose -2*d - 1 = -3*u + 15, u + 4*d - 24 = 0. Let h(w) = -3*w**2 - 3*w + 22. Let y(n) = -8*n**2 - 11*n + 66. Let z(q) = -11*h(q) + 4*y(q). Give z(u).
-2
Let y(p) = -2*p. Let l(k) = 2*k + 1. Let c(x) = 3*l(x) + 2*y(x). Suppose 574*w - 228 + 1000 = 188*w. Calculate c(w).
-1
Suppose 2*n - 217*w + 219*w - 22 = 0, -w - 9 = -4*n. Let p(m) be the second derivative of 0 + 2*m**2 + 1/12*m**n - 5/6*m**3 - 21*m. Calculate p(5).
4
Let v(s) = -s**2 - s + 1. Let k(f) = -f**3 - f**2 - f. Let d(l) = 7*l**3 + 3*l**2 - 9*l - 21. Let u(a) = d(a) + 6*k(a). Let q be u(6). Give v(q).
-5
Let a(r) = r**3 - 5*r**2 - 3*r - 8. Let o(i) be the first derivative of i**4/2 - 10*i**3/3 - 7*i**2/2 - 17*i - 66. Let p(y) = 13*a(y) - 6*o(y). Give p(4).
-6
Let w = -13 + 5. Let j(q) = 28 + 25 + 3*q + 12 + 3*q - 5*q - 46. What is j(w)?
11
Let a(w) = w**3 - 8*w**2 - 5*w - 9. Let j be a(9). Suppose -7*v - 2*v = -j. Let q(p) = v*p + 54*p**2 - p**3 + 7 - 27*p**2 - 3 - 24*p**2. Give q(4).
0
Let t = 255 - 272. Let d(s) = 4*s + 3. Let y(p) = -11*p - 10. Let m(g) = t*d(g) - 6*y(g). Give m(8).
-7
Let p(g) = -g**3 - 9*g**2 - 3*g - 25. Let h be p(-9). Let x(s) = s**h + 24 + 4*s + 5*s - 18. Determine x(-9).
6
Let r(t) be the second derivative of t**4/12 + t**3 - t**2 - 2397*t. Calculate r(-5).
-7
Let g(z) = -z**3 + z - 1. Let v be g(2). Let b(l) = 14*l**3 + 59*l**2 - 40. Let s(h) = 13*h**3 + 55*h**2 - 37. Let t(j) = -12*b(j) + 13*s(j). Calculate t(v).
-1
Let u(m) = -m**3 + 8*m**2 - 6*m - 8. Suppose 4*h + 12*z - 672 = 15*z, -4*h - z = -672. Suppose 17*y = -7*y + h. Calculate u(y).
-1
Let k be (2*5)/((6/(-4))/((-309)/412)). Let r(t) = t**3 - 4*t**2 - 7*t + 9. Determine r(k).
-1
Let l(j) = 1125*j + 1156*j + 6 - 2292*j - j**3 - 13*j**2. Suppose -u - u = -5*p - 52, u + 4 = 0. Give l(p).
-6
Let m(p) = -448*p + 30. Let u(k) = -243*k + 16. Let x(h) = 6*m(h) - 11*u(h). Calculate x(-6).
94
Suppose 2*h + 3*h - 136 = 4*f, -4*h + 3*f = -108. Suppose 0 = h*q + 180 + 84. Let k(m) = m - 2. Determine k(q).
-13
Let z(b) = 23*b**2 + 9*b - 24. Let q(t) = -2*t**2 - t + 2. Let w(c) = -22*q(c) - 2*z(c). What is w(5)?
-26
Let f(r) = 40 - 6*r + 3*r + 5*r - 12. Let y = 6615 - 6625. Calculate f(y).
8
Let x(t) = -3*t**3 + 9*t**2 + 2*t - 64. Let m(k) = k**3 + k**2 - k + 17. Let g(o) = -4*m(o) - x(o). Calculate g(-13).
-30
Suppose 2*y - 3*y - 2*w + 220 = 0, 5*w = 10. Suppose -20*s = -56*s - y. Let o(b) = -b**3 - 6*b**2 - 3*b - 11. Calculate o(s).
7
Let q(j) = -12*j + 78. Let u be (277 - 270)*(2 - 1). What is q(u)?
-6
Let c(b) = b**2 - b + 13. Suppose 251 = -8*d + 347. Suppose d*f = -20*f + 3*f. Determine c(f).
13
Let c(s) = -92 - 95 - 156 + 335 - 79*s + 83*s. Suppose -7 = -4*k - 4*n + 1, -4*k = 2*n - 18. Calculate c(k).
20
Suppose -9*m + 114 = 42. Let i(q) be the third derivative of q**4/24 - 2*q**3/3 + q**2. Calculate